 - 2*s + 2. Give u(c).
5
Let j(i) = i + 5. Suppose r + 13 = -4*y, 0 = -21*r + 19*r - 5*y - 23. Determine j(r).
-4
Let d(v) be the first derivative of -v**4/12 - v**3/6 + 15*v**2/2 - 1. Let x(w) be the second derivative of d(w). Determine x(-7).
13
Let s(c) be the second derivative of -1/6*c**3 - 1/20*c**5 - 7*c + 7/2*c**2 + 1/2*c**4 + 0. Let v(l) = l. Let d be v(6). Calculate s(d).
1
Suppose 5*n + 5 = -0. Let z be 7 + n + 2 + -2. Let g(r) be the third derivative of -r**4/24 + 2*r**3/3 + 122*r**2. Give g(z).
-2
Let d = -21 - -42. Let c = d - 20. Let v(a) be the third derivative of 7*a**6/120 + a**4/12 - a**3/6 + 5*a**2. Determine v(c).
8
Let p(t) = -3*t - 38. Let l(j) = j**3 - 10*j**2 + 9*j - 9. Let u be l(9). Let w be p(u). Let k(a) = -a - 7. Give k(w).
4
Suppose -4*u - 4 = 2*f, 4*f + f = u - 10. Suppose u = 7*j - 4*j - 9. Let o be ((-2)/(-2) - 2)*j. Let x(b) = b**3 + 3*b**2 - b + 3. Give x(o).
6
Let m be (80/24)/(4/6). Let o = -2 + m. Let j(d) = 9 - d**2 - 7*d - o*d + 5*d. What is j(-7)?
-5
Suppose 54 = -84*c + 30*c. Let z(d) = -27*d**2 - d + 1. What is z(c)?
-25
Let g(q) be the second derivative of 16*q**3/3 + q**2/2 + 165*q. Give g(1).
33
Suppose -6 = -5*l + 9. Suppose -4*o = 2*t - 16, -o = -5*t + 9 - 2. Let a(i) = 4*i**2 + 0*i**2 - 2*i**3 + 3 - l*i**t - 4*i + 3*i**2. Determine a(2).
-5
Let o be (-14)/4 + (-1)/2. Let i(w) be the third derivative of -1/3*w**3 + 0*w**4 - 1/15*w**5 + 0*w + 0 - 1/120*w**6 + 12*w**2. Determine i(o).
-2
Let z(m) be the third derivative of m**8/6720 + m**7/420 - m**5/40 - 7*m**4/24 + 5*m**2. Let w(s) be the second derivative of z(s). Give w(-6).
-3
Let a(s) = -s + 2. Let b be a(-5). Let d be (0/(-2))/(b/7). Suppose -4*i + 3 + 5 = d. Let h(q) = 2*q**2 - q. What is h(i)?
6
Let c(i) = -i**2 - 5*i - 9. Let l(j) = j**3 - 20*j**2 - 127*j + 46. Let n be l(25). Give c(n).
-5
Let u(h) be the first derivative of -h**4/12 + h**3/2 - 4*h**2 - 8. Let p(s) be the second derivative of u(s). What is p(3)?
-3
Let v(d) = -2*d - 9. Let n(k) = -7. Let h(p) = 3*n(p) - v(p). Give h(8).
4
Let r(q) = -5*q**3 + 8*q**2 - 18*q - 3. Let u(w) = 14*w**3 - 23*w**2 + 52*w + 9. Let a(h) = -17*r(h) - 6*u(h). Calculate a(-4).
-11
Let t(u) = -u**3 - 4*u**2 + 2*u. Let d(p) = 3*p**3 + 12*p**2 - 7*p. Let i(v) = 4*d(v) + 11*t(v). Let l be 29/1 - -1 - 0. Let q = l - 35. Determine i(q).
5
Let a(q) be the third derivative of 1/4*q**4 + 0 + 1/3*q**3 - 1/60*q**5 + 0*q - 10*q**2. What is a(5)?
7
Let h = -303 + 304. Let l(y) be the first derivative of 9*y**4/2 - y**2/2 + y - 2. What is l(h)?
18
Let g(b) be the third derivative of -5*b**4/24 + b**3/2 + 21*b**2 + 3*b. Give g(-7).
38
Let g(n) = -3*n - 2. Let x(r) = r**3 + 8*r**2 - 16*r + 7. Let t be x(-7). Let v = t + -174. What is g(v)?
16
Let j(s) be the second derivative of -3/2*s**2 - 1/12*s**4 + 0 + s**3 + 14*s. Calculate j(5).
2
Let i(u) be the second derivative of u**5/60 - u**4/12 - u**3/2 - 9*u**2/2 - u. Let l(c) be the first derivative of i(c). Calculate l(3).
0
Let s(f) be the third derivative of -7*f**4/24 - f**3/6 - 159*f**2. What is s(-3)?
20
Let d(r) be the first derivative of -2*r - 3/2*r**2 - 10. Determine d(3).
-11
Suppose -5*u - 3 = -4*l - 4, 0 = -4*l - 3*u + 7. Let a(g) = -2*g. What is a(l)?
-2
Suppose 5*h = -f + 194, -3*h - 4*f = -77 - 36. Let z = h - 38. Let t(k) = k**3 + k - 1. What is t(z)?
1
Let i(z) = z - 12. Let h be i(6). Let c(b) = b - 5*b + 2*b - 6*b**2 - 2 + 0 - b**3. Determine c(h).
10
Let m be 0/2 - 60/(5 - 15). Let g(y) = y**3 - 7*y**2 + 8*y + 6. What is g(m)?
18
Let s(c) be the first derivative of -c**4/4 + 2*c**3 - 5*c**2/2 - c - 9. What is s(5)?
-1
Let i(a) = a - 13. Suppose 28*q = -104 + 468. Determine i(q).
0
Let r = 0 - -3. Suppose 5*c = -r*y - 16, 0 = 4*c - 0*c + 20. Let s(q) = 2*q + y - 3*q + 3*q**2 + 4*q - 4*q**2. Calculate s(-2).
-7
Let r = 3 + -6. Let o(t) = 10*t + 177. Let d(q) = 3*q + 51. Let p(c) = -7*d(c) + 2*o(c). What is p(r)?
0
Let u(t) be the first derivative of t**2 + 3*t - 17. Let p be ((-9)/6 + 1)*0. Suppose 2*s - 4*s - 8 = p. Give u(s).
-5
Let x be (-2)/9 - (60/(-27) + 2). Suppose x = -5*g + 1 - 16, s - 4*g - 18 = 0. Let i(c) = -c - 4*c - 5*c**2 + c**3 - 4 + 0*c**3. What is i(s)?
2
Let o(n) = n**3 + 4*n**2 - n + 15. Suppose 9*j + 33 = -12. Determine o(j).
-5
Let v(t) = t**2 - 3*t - 2. Let f = 18 - 16. Suppose f*g = -0*g. Suppose -2*i - 5*u + 5 = 0, -4*i - 4*u + g*u = -16. Give v(i).
8
Let a(g) = -7*g - 4. Suppose 3*l = -5*k + 3 + 2, -2*l + 2 = 4*k. Determine a(k).
10
Let p(n) = n**3 - 2*n**2 - 2. Suppose 3*i - 7 = -5*o + 3, -3*i = 4*o - 8. Let x be p(i). Let b(h) = -4*h - 1. Give b(x).
7
Let b(f) be the third derivative of -1/24*f**4 - f**2 + 0 + 0*f - 11/6*f**3. What is b(0)?
-11
Let b(z) = -7*z. Let k be b(-1). Let d(f) = 7*f**3 + 21*f**2 + 14*f + 14. Let v(l) = 3*l**3 + 10*l**2 + 7*l + 7. Let h(q) = 4*d(q) - 9*v(q). Determine h(k).
-7
Let c = -18 + 16. Let g be (-4)/(-3)*((-7 - c) + 2). Let p(a) = a**2 + 2*a - 1. Calculate p(g).
7
Let d(m) be the second derivative of -m**3/6 - 3*m**2 - 7*m - 4. Suppose j - l + 2*l - 5 = 0, 4*j + l = 5. What is d(j)?
-6
Let p(l) = 4*l**3 + 3*l - 2. Let w(a) = a + 12. Let o be w(0). Let j be -2*o/(-16)*2. Let h(m) = -5*m**3 - 4*m + 1. Let k(g) = j*h(g) + 4*p(g). What is k(0)?
-5
Let o(v) be the first derivative of -v**4/4 - 17*v**3/3 - v**2/2 - 15*v + 22. Give o(-17).
2
Let p(u) be the first derivative of -2*u + 1/2*u**2 - 35. What is p(8)?
6
Let l(z) = -2*z**2 - 2*z - 1. Let r be l(-2). Let a(o) = 6. Let t(b) = -b + 6. Let f(g) = -3*a(g) + 2*t(g). Calculate f(r).
4
Let h be 3/((-2 + 3)*1/1). Let r(o) = 21*o - 17*o + 4*o**2 - 1 - o**h - 6*o**2. Calculate r(-3).
-4
Let n be 3 - -2*(-3)/6. Let f(m) be the first derivative of 0*m + n*m**2 - 3*m**2 + 1 - 2*m. Calculate f(4).
-10
Let f(c) be the third derivative of c**6/120 + 3*c**5/20 - c**4/2 - 7*c**3/6 + 177*c**2. What is f(-10)?
13
Let n(q) = 4*q - 2. Let u = 22 - 12. Suppose 0 = 4*m - 12, 8*y = 5*y + m + 39. Suppose o - y = 2*a + a, 0 = -o - 3*a - u. Give n(o).
6
Let t(v) = -v**2 + v + 4. Let z be (4/12)/(1/9). Determine t(z).
-2
Suppose 3*x + 24*g = 26*g + 8, -2*x - 4*g + 16 = 0. Let t(a) = 5*a - 5. Determine t(x).
15
Let i be 1/(-2) - 1/2. Let q(t) = -5*t**2 + 8*t + 2. Let k(b) be the first derivative of b**4/4 + b**2/2 - b + 3. Let r(n) = i*k(n) + q(n). Determine r(-6).
-3
Let b(u) = -8*u + 3. Let a = -17 + 19. Suppose 0 = -a*h + 9*h - 14. Give b(h).
-13
Let s(j) = -j**3 - j**2 + 4. Let x(r) = r**3 - r**2 - 17*r + 12. Let f be x(-4). What is s(f)?
4
Let d be (-28)/12*(5 + -2). Let m = d + 2. Let o(s) = s**2 + 3*s - 2. Give o(m).
8
Let p be ((-2)/(-3))/(28/(-42)). Let r(b) = -3*b. Determine r(p).
3
Let o(s) be the first derivative of -s**4/4 + s**3/3 - s**2 - s + 158. Give o(2).
-9
Let j be ((-343)/(-14))/(2 + (-26)/12). Let x be 63/j + 38*(-2)/(-14). Let b(y) = 11*y + 12. Let g(r) = 5*r + 6. Let w(h) = 6*b(h) - 13*g(h). What is w(x)?
-1
Let h(d) = -1 + d + 1. Let n = 15743 - 15741. What is h(n)?
2
Let h(u) = -2 - 14*u**2 + 6*u - u + 4*u**2 + 7*u**2 - 4*u. Determine h(2).
-12
Let r(d) be the first derivative of d**4/24 + 11*d**3/6 + 10*d**2 + 18. Let y(p) be the second derivative of r(p). Suppose -3*w = -2*w. What is y(w)?
11
Suppose -4 = -3*d + 2, -3*q + 5*d = 16. Let a be (2 + 0)*(-1)/q. Let g(l) = l - 2 + 4 - a + 5*l. What is g(-1)?
-5
Let g(l) = l**2 - 3. Suppose -69*b + 90*b = 84. Determine g(b).
13
Let b(o) = 5 - 21*o - 2*o + 7*o + o**3 - 2 - 15*o**2. Give b(16).
3
Let u(p) = p**3 + p**2 - 3*p - 16. Let c(l) = -l**2 + l - 1. Let d(b) = -6*c(b) + u(b). Suppose 5*n = -2*a - 40, -4*n + 91*a - 90*a - 32 = 0. Determine d(n).
-2
Let f(a) be the third derivative of -a**4/24 - 5*a**3/6 + 25*a**2. Let j be f(-5). Let v(h) = h**2 + h + 5. Give v(j).
5
Let q(d) = d**3 + d**2 - d + 4. Let c be q(-3). Let g = c + 9. Let l(y) be the third derivative of -y**5/30 + y**3/6 + 3*y**2 + 8. Calculate l(g).
-7
Let m(n) be the third derivative of 0 - 1/2*n**3 - 20*n**2 - 1/60*n**5 + 0*n - 3/8*n**4. What is m(-6)?
15
Suppose 3*h + 5 - 11 = 0. Let o(k) = 3 + k**2 + 2*k + 0*k + 4*k + h. Give o(-6).
5
Suppose q = 4*n - 13 - 4, 3*n = 2*q + 9. Suppose -b + 36 = 4*o + 2*b, -q*o + 10 = -2*b. Let u be ((-2)/o)/(1/9). Let r(c) = 3*c + 1. Determine r(u).
-8
Suppose 2*a - 26 = -3*g, -2*a + 19 =